mmon factor of 556 and 486083.
139
What is the greatest common divisor of 64200 and 2400?
600
What is the greatest common divisor of 13 and 8253856?
13
Calculate the highest common divisor of 824 and 37698.
206
Calculate the highest common divisor of 1914 and 103965.
87
Calculate the greatest common divisor of 132302 and 1162.
166
Calculate the highest common factor of 25 and 5615.
5
What is the highest common factor of 306 and 18598?
34
Calculate the greatest common factor of 1647 and 33123.
183
What is the highest common factor of 19605 and 240?
15
Calculate the highest common divisor of 238189 and 49.
49
Calculate the highest common divisor of 26527 and 533.
41
Calculate the greatest common divisor of 8118 and 1122.
66
What is the greatest common divisor of 169665 and 15?
15
Calculate the highest common factor of 2640 and 676698.
66
What is the highest common divisor of 345 and 782736?
69
Calculate the greatest common divisor of 1965360 and 684.
228
Calculate the highest common divisor of 96 and 14892.
12
Calculate the highest common factor of 259176 and 16.
8
Calculate the highest common divisor of 462 and 98450.
22
What is the highest common factor of 309 and 461337?
309
Calculate the highest common divisor of 164 and 37228.
164
Calculate the greatest common divisor of 1242563 and 232.
29
What is the greatest common divisor of 405 and 1231605?
405
What is the greatest common divisor of 310500 and 1140?
60
What is the highest common divisor of 290811 and 59?
59
Calculate the highest common factor of 929625 and 740.
185
Calculate the greatest common factor of 236292 and 140.
28
Calculate the greatest common factor of 111014 and 564.
94
What is the greatest common divisor of 351120 and 140?
140
What is the greatest common factor of 348678 and 1188?
594
Calculate the highest common factor of 1125 and 115.
5
What is the greatest common factor of 8058 and 3859?
17
Calculate the highest common divisor of 2300 and 605600.
100
Calculate the greatest common factor of 276 and 1730704.
92
What is the highest common divisor of 26 and 352807?
13
What is the highest common divisor of 9282 and 1239?
21
Calculate the greatest common factor of 1478 and 28.
2
Calculate the highest common divisor of 137 and 4004647.
137
Calculate the highest common factor of 12 and 598632.
12
What is the greatest common divisor of 19977 and 15?
3
Calculate the greatest common factor of 675 and 542745.
45
What is the highest common divisor of 1709935 and 230?
115
Calculate the greatest common factor of 16 and 618816.
16
What is the greatest common factor of 3699 and 54?
27
Calculate the highest common factor of 199 and 259297.
199
Calculate the highest common factor of 351310 and 380.
190
Calculate the greatest common divisor of 201 and 63851.
67
What is the greatest common divisor of 682 and 282007?
341
What is the highest common factor of 1330199 and 85?
17
Calculate the greatest common divisor of 490 and 14830.
10
What is the greatest common factor of 5475 and 900?
75
Calculate the highest common factor of 255 and 24293.
17
Calculate the highest common factor of 6 and 61118.
2
What is the highest common factor of 510881 and 236?
59
What is the highest common divisor of 769877 and 193?
193
Calculate the greatest common divisor of 133004 and 328.
164
Calculate the highest common divisor of 1330 and 32690.
70
What is the highest common divisor of 558 and 185814?
558
What is the highest common factor of 226 and 2049933?
113
Calculate the greatest common factor of 494 and 59204.
38
Calculate the highest common divisor of 184 and 1387751.
23
Calculate the greatest common factor of 2080057 and 21.
7
Calculate the highest common factor of 2618430 and 10.
10
What is the highest common divisor of 1701 and 37233?
189
What is the greatest common factor of 110 and 1050610?
110
Calculate the highest common factor of 632 and 15958.
158
Calculate the greatest common factor of 92 and 11548.
4
Calculate the highest common factor of 475 and 691885.
95
What is the highest common divisor of 77628 and 1020?
12
What is the greatest common factor of 650 and 101700?
50
What is the highest common factor of 66 and 469986?
66
Calculate the greatest common factor of 10 and 60814.
2
What is the highest common divisor of 43 and 4316082?
43
Calculate the greatest common factor of 2888 and 826690.
722
Calculate the greatest common divisor of 15890 and 140.
70
What is the greatest common factor of 3366344 and 190?
38
Calculate the highest common factor of 46563 and 153.
51
Calculate the greatest common divisor of 22497 and 9.
3
What is the highest common factor of 8 and 1385128?
8
What is the highest common factor of 9 and 979?
1
What is the highest common factor of 353246 and 694?
694
Calculate the highest common divisor of 96811 and 451.
11
Calculate the highest common divisor of 44 and 1856.
4
Calculate the highest common divisor of 1603 and 7557.
229
Calculate the highest common factor of 17 and 690829.
17
Calculate the greatest common factor of 19 and 135071.
19
Calculate the greatest common factor of 8 and 196376.
8
Calculate the greatest common factor of 3091275 and 825.
825
What is the highest common divisor of 32 and 39888?
16
Calculate the highest common divisor of 82 and 31939.
41
Calculate the highest common factor of 4524 and 5772.
156
Calculate the greatest common divisor of 1850659 and 271.
271
Calculate the greatest common factor of 176 and 10527.
11
What is the highest common divisor of 1026763 and 79?
79
Calculate the greatest common divisor of 452 and 214022.
226
What is the highest common factor of 6516 and 576?
36
What is the greatest common divisor of 10070 and 57?
19
What is the greatest common divisor of 2720 and 796?
4
What is the greatest common factor of 3383 and 221?
17
Calculate the highest common divisor of 1003 and 8968.
59
What is the highest common divisor of 459 and 13284?
27
What is the greatest common factor of 95 and 450471?
19
Calculate the highest common divisor of 107 and 797257.
107
Calculate the greatest common factor of 2028 and 804.
12
Calculate the greatest common factor of 57861 and 351.
27
Calculate the highest common divisor of 4698 and 1323.
27
What is the highest common divisor of 747607 and 2?
1
Calculate the greatest common divisor of 25166 and 4.
2
Calculate the greatest common factor of 11550 and 30450.
1050
What is the highest common divisor of 50 and 56690?
10
What is the highest common divisor of 5430 and 6540?
30
What is the greatest common factor of 718307 and 302?
151
What is the greatest common factor of 7 and 3941?
7
Calculate the greatest common factor of 95 and 85747.
19
Calculate the highest common factor of 216 and 876.
12
What is the highest common factor of 15 and 56440?
5
What is the highest common factor of 4563 and 20007?
351
What is the highest common divisor of 1935 and 325295?
215
Calculate the greatest common factor of 2 and 25717.
1
Calculate the greatest common divisor of 1890 and 33670.
70
Calculate the greatest common divisor of 22980720 and 1680.
1680
Calculate the highest common divisor of 70 and 3470.
10
Calculate the greatest common divisor of 1071 and 45033.
51
What is the highest common factor of 247 and 65533?
13
Calculate the highest common divisor of 137120 and 480.
160
What is the greatest common factor of 213 and 1152?
3
What is the greatest common divisor of 5528056 and 1016?
1016
Calculate the greatest common divisor of 22634 and 6.
2
Calculate the greatest common factor of 7229 and 3.
1
What is the highest common divisor of 799 and 270767?
47
Calculate the greatest common factor of 3 and 111660.
3
What is the highest common factor of 2 and 75691?
1
What is the greatest common divisor of 616746 and 78?
78
What is the highest common divisor of 3456 and 88776?
216
Calculate the highest common factor of 350 and 1585.
5
Calculate the greatest common divisor of 122 and 231739.
61
Calculate the greatest common divisor of 1298776 and 744.
248
What is the greatest common divisor of 21 and 9498?
3
What is the greatest common factor of 75 and 271725?
75
What is the greatest common factor of 370 and 3860?
10
Calculate the greatest common factor of 1396 and 2096.
4
Calculate the highest common divisor of 15057 and 126.
63
